Suppose -p*l + 225 + 399 = 0. List the prime factors of l.
2, 13
Suppose 15 = -0*q + 5*q. Suppose -q*j + 0*j = 3. What are the prime factors of (0 - -13) + 3 + j?
3, 5
Let u(j) = j**2 + 2*j + 2. Let t be u(-2). Suppose -3*h + 6 = t*l - 0*h, l + 5*h - 10 = 0. What are the prime factors of 1 - (-3 + 2 - l)?
2
Let r(n) = -62*n - 19. Suppose 2*j + 0*j - a + 13 = 0, 4*j + 3*a + 1 = 0. List the prime factors of r(j).
229
Let a be ((-1)/2)/(1/(-4)). Suppose 136 = -4*q + a*l + 640, -133 = -q + 4*l. Suppose 0 = k + 5*x - 37, -3*k - x = -0*x - q. List the prime factors of k.
2, 3, 7
Let n = 114 - 110. Suppose 3*o + 0*o - 3*h - 519 = 0, n*h + 865 = 5*o. List the prime factors of o.
173
Suppose 2*a - 6 = v, -5*v + 4 + 10 = a. Suppose -2*q = -8 - v. Suppose -q*t + 27 + 108 = 0. What are the prime factors of t?
3
Let c(z) = -z**2 + 9*z + 1. Let t be c(9). Let h be (-16)/4 + 2 + t. What are the prime factors of 78/((-3)/h) - -4?
2, 3, 5
What are the prime factors of 1 - 35/25 - 1752/(-5)?
2, 5, 7
Let l be -5*(-3)/90 + 1049/6. Suppose 493 = 3*i + l. List the prime factors of i.
2, 53
What are the prime factors of 1 - (-394 - (-3)/(-5 + 8))?
2, 197
Let m(x) = -3*x**3 - 19*x**2 - 15*x. List the prime factors of m(-7).
7, 29
Suppose 97*d = 89*d - 272. Let v = 2 - 91. Let z = d - v. What are the prime factors of z?
5, 11
Suppose 59 = 2*l - 29. What are the prime factors of l?
2, 11
Let d be 39*(42/(-9))/(-1). Let l = -86 + d. List the prime factors of l.
2, 3
Let j be 234 + -1 - -3 - 2. Let t be ((-11)/33)/((-2)/j). Suppose 4*a + 38 = 2*n, 2*n - 5*a = -0*n + t. What are the prime factors of n?
17
Suppose d - 5*k = 17 + 3, -4*k - 16 = 5*d. Suppose -5*z + 190 = 5*t, 5*t - 4*z - 154 = -d*z. What are the prime factors of t?
2, 17
Suppose -3*g + 5*h = -18, -8*g + 4*g = -h - 7. Let o(x) = 17*x**3 + 9*x + 10*x - 1 - 18*x. What are the prime factors of o(g)?
17
Suppose -39*m = -38840 - 29761. List the prime factors of m.
1759
Let g(o) = -2*o**2 + 15*o + 24. Let m be g(9). What are the prime factors of m/5 + 603/90*8?
53
Let j(s) = 10*s + 4*s + 2 - s**2 + 19*s - 12*s. List the prime factors of j(5).
2, 41
Let n = 4 - -4. Suppose -i = -4*b + 3*i - n, b = -2*i + 10. Suppose w + b*w = 48. What are the prime factors of w?
2
Let k = -66 + 66. Suppose k = -2*s + 46 + 50. What are the prime factors of s?
2, 3
What are the prime factors of (1752/(-20))/((-3)/20)?
2, 73
Let d(q) = q**3 - 11*q**2 - 13*q - 15. Let t be d(12). Let v = t - -40. Let y = v - -7. List the prime factors of y.
2, 5
Suppose 0*l = -2*l - p - 21, -5*p - 50 = 5*l. Let g = l - -9. What are the prime factors of -13*(-4*1 - g)?
2, 13
Suppose k - 6*k = -265. Let u = -26 + k. List the prime factors of u.
3
Let j = -9 - -9. Suppose 0 = x - 5*x + 12, -2*m + 2*x + 12 = j. Let p = m - 6. What are the prime factors of p?
3
Let q(j) = 3*j**2 - 26*j - 126. List the prime factors of q(-25).
2399
Let f(r) be the first derivative of -5*r**2/2 + 2*r + 1. Let z be f(-2). Let m = -8 + z. What are the prime factors of m?
2
Suppose 2*z + 1 = o - 0, 0 = -4*o + 3*z + 14. Suppose 0 = o*r - 7 - 18. Suppose r*k - 83 = -3*s - 0*k, 2*k = 8. What are the prime factors of s?
3, 7
Let n = -11 + 22. Let m be 84/(-22) - 2/n. What are the prime factors of 2/m + (-282)/(-12)?
23
Let k(n) = n**3 + 12*n**2 - 2*n + 32. List the prime factors of k(0).
2
Let j(o) = -457*o**3 + 1. What are the prime factors of j(-1)?
2, 229
Let u(w) = 1370*w**3 + w**2 + 2*w - 2. What are the prime factors of u(1)?
3, 457
Let p be 3 - 6 - (0 + -9). List the prime factors of (44/6)/(2/p).
2, 11
Let r be (75/18 - 4) + (-2)/12. Let g(l) = -l**3 + 0*l**3 + 2*l**3 + 19. List the prime factors of g(r).
19
Let j(i) = -i**3 - 4*i**2 - 2*i + 4. Let r be j(-3). Suppose r = -x - 1. List the prime factors of 16 + (-6)/4*x.
19
Suppose -6*t + 7*t = 40. Let q be 1/5 - (-8552)/t. Suppose -20 = -3*g + q. What are the prime factors of g?
2, 3, 13
Let n(r) = -r**2 + 11*r - 13. Let g be n(10). Let p be g - 4/8*-26. Suppose 0 = -v + p + 25. What are the prime factors of v?
5, 7
Let w be 44/4 + (-20)/4. Let r(m) = 21*m - 10. What are the prime factors of r(w)?
2, 29
Let v = -11 + 15. Suppose v*p = 54 + 22. Let x = 56 - p. List the prime factors of x.
37
Suppose 5*l = -k + 23, 2*l + 5*k + 35 = 7*l. Suppose -9*u + l*u + 56 = 0. Let n = -2 + u. List the prime factors of n.
2, 3
Suppose 18*l + 108 = -18*l. Let z(g) be the first derivative of -13*g**2/2 + 2*g + 1. List the prime factors of z(l).
41
Suppose 0 = -6*q + 5*q + 3. Suppose l = q*o - 197 - 241, 2*o - 2*l = 296. What are the prime factors of o?
5, 29
Let i be (-1 - -2 - (1 - 3)) + -1. Suppose -4*l = i*u - 222, u = -u + 2. What are the prime factors of l?
5, 11
Suppose -3*x - 5054 = -5*c, -4469 = -4*c - 5*x - 411. List the prime factors of c.
2, 11, 23
Suppose 2*n - 2*b = 2919 + 2675, 2*b - 2809 = -n. List the prime factors of n.
2801
Let c be ((-24)/6)/((-2)/(-16)). What are the prime factors of c/2*55/(-44)?
2, 5
Let y(u) = -u**3 + 9*u**2 - 3*u + 5. Let h be y(4). Suppose 99 = -4*m - 3*a, 0*m + 2*a = -3*m - h. Let z = m - -69. What are the prime factors of z?
2, 3
Suppose 5*x = 21 + 4. Suppose 111 + 249 = x*r. What are the prime factors of r?
2, 3
Suppose -3*v - 9 = -15. Suppose x = -0*x - 4*b + 68, 0 = 5*x - v*b - 230. List the prime factors of x.
2, 3
What are the prime factors of 4*(1 - ((-8172)/(-8))/(-1))?
2, 5, 409
Let a be 150/39 - (-8)/52. Suppose 88 = 4*n - y, 0 = -5*n + a*y - 2*y + 110. What are the prime factors of (-4)/4 + (n - -1)?
2, 11
Let u be (-40)/(-3)*(-33)/11. Let r = u + 8. Let v = -17 - r. What are the prime factors of v?
3, 5
List the prime factors of 15 + -13 - (-1202 + 2).
2, 601
Suppose -8*l + 2*l + 48 = 0. Suppose -5*h = -l*h + 66. List the prime factors of h.
2, 11
Suppose f = 6*f + 4*v - 922, -3*f = -2*v - 562. Suppose 4*n + 2*s - f = 0, -n + 2*s = 6*s - 29. What are the prime factors of n?
7
Suppose k - 511 = -3*k - 3*o, 4*o - 248 = -2*k. List the prime factors of k.
2, 5, 13
Suppose x = -3*b + 3710 + 1065, -6*b - 5*x + 9538 = 0. What are the prime factors of b?
3, 59
Let d(i) = 45*i + 1. Let k = 13 + -10. Suppose -4*o = -k*f + 11, 2*f - 3 = 2*o + 5. List the prime factors of d(o).
2, 23
Suppose -21*q + 12 = -17*q. What are the prime factors of ((-4)/q)/(8/(-864))?
2, 3
Suppose -2*m - p + 33 = -0*p, -5*m + 120 = -5*p. Let c be (-4 - -19)*(72/20)/6. Let v = m - c. What are the prime factors of v?
2, 5
Let t = 178 - 145. List the prime factors of t.
3, 11
Let l = -33 + 34. What are the prime factors of 22*l/((-5)/(-40))?
2, 11
Let d be -3*6/99 + (-4)/(-22). Suppose 3*s = -k + 581, 5*s + d*s - 4*k - 957 = 0. List the prime factors of s.
193
Let p(a) = a**2 + 14*a + 18. Suppose 5*i + 6 + 59 = 0. What are the prime factors of p(i)?
5
Let p = 25 + -19. Suppose 214 + 416 = p*n. What are the prime factors of n?
3, 5, 7
Suppose 20 = 4*q, -2*c + 2*q + 204 = -0*c. What are the prime factors of c?
107
Let j(o) = -10*o + 8. Let p be j(3). Let i = p + 61. List the prime factors of i.
3, 13
Suppose -5110 = -3*z - 5*q, -2*z + q + 8526 = 3*z. What are the prime factors of z?
5, 11, 31
Let f(u) = u**3 - 6*u**2 - 7*u + 8. Let v be f(7). Let r = -8 + v. Suppose -4*m + 23 = -3*m + 3*b, r = m + 4*b - 21. List the prime factors of m.
29
Suppose -l = -f + 3335, 4*l - 1601 = -f + 1754. List the prime factors of f.
3, 7, 53
Suppose -9*o + 10 = -7*o. Suppose 110 = 5*r - o*a, r - 4*a - 19 - 15 = 0. Suppose -2*u + 3*d = -0*u - 34, d = u - r. List the prime factors of u.
2, 5
Let n = -80 + 47. Let q = n - -38. What are the prime factors of q?
5
Let i = -191 - -90. Let h = -202 - i. Let m = -66 - h. What are the prime factors of m?
5, 7
Suppose 20 = -3*l - 25. Let s = -11 - l. Let t(c) = 2*c**3 - 4*c**2 - c - 5. What are the prime factors of t(s)?
5, 11
Let y = 540 - -174. What are the prime factors of y?
2, 3, 7, 17
Suppose 131*h = 109*h + 60060. What are the prime factors of h?
2, 3, 5, 7, 13
Let n = 376 - 285. List the prime factors of n.
7, 13
What are the prime factors of (213 - (0 - -3))/((-84)/(-1218))?
3, 5, 7, 29
Suppose 2*n - 199 = z, -z = 4*n + z - 378. Let l = -33 + n. List the prime factors of l.
2
Suppose 6636 = 4*w - 2*h, -6*w + 5*w + 4*h = -1659. List the prime factors of (-2)/(-3)*w/14.
79
Suppose 2*q = -3*m + 14